- (5 + (0 - 0))?
-3
-7 - (0 + 1) - (-104 + 99)
-3
Calculate 0 - (-6 - (3 - 14 - -3)).
-2
1 - -3 - (4 - -5)
-5
What is the value of 4 + 4 + -11 + (0 - -3)?
0
6 - (4 - (2 - -7) - -14)
-3
Evaluate -1 + -7 - (-7 - 1).
0
Calculate 1 - -3 - 1 - (3 + -2).
2
Calculate 4 + 1 + -5 + -4 + 6.
2
What is -4 - (-4 - 4) - 6?
-2
Evaluate -3 + 4 - 5 - (0 + 1).
-5
What is 1 + -3 + -1 - 0 - -1?
-2
Evaluate -7 + (-3 - -5 - -2).
-3
3 - (-8 + (4 - 2) + 17)
-8
What is the value of 11 - (-6 - (-4 - (3 + 1)))?
9
(4 + -8 - 2) + 8 - -2
4
Calculate 0 + -1 - (10 - 7).
-4
What is 4 - (9 + -9 + 0 + -1)?
5
What is (10 - -3 - 2) + -17?
-6
Evaluate 9 - (-5 + 9) - 0.
5
Calculate (2 - (2 - 0)) + (-10 - -7).
-3
(-2 - (-5 + -1)) + -2
2
Evaluate ((-2 - -8) + -2 - 1) + -2.
1
Calculate (1 - (1 - -2)) + 6.
4
Evaluate 0 - -4 - (0 - -1) - 3.
0
What is 5 - (13 - 5 - 6)?
3
Calculate 4 - (-3 + 3) - (4 - -1).
-1
What is the value of -2 + (0 - -3) + -2 + 3?
2
What is -3 - (3 + -5) - 0?
-1
Calculate -12 + 1 + 16 + -5.
0
What is the value of 4 + 0 + -13 + 8?
-1
-3 + 1 + 1 + 6
5
4 + (0 - -1 - (-3 + 9))
-1
What is the value of -6 + 2 - (-2 + 0) - -1?
-1
What is 0 - (3 - 5 - -4)?
-2
What is (3 - 3) + (0 - -1)?
1
Calculate 3 + -4 - (11 - 10).
-2
Calculate -6 - ((-2 - 2) + 2) - -2.
-2
-5 + 3 + -4 + 5
-1
What is -13 + (14 + 3 - 11)?
-7
2 + 3 - (1 - -2)
2
Calculate -4 + -3 + 2 - -1.
-4
Evaluate -1 + -6 + 4 + (0 - -3).
0
What is (-2 - 0) + 6 + (1 - 7)?
-2
Calculate -3 - ((1 - 5) + 10 + -8).
-1
What is the value of 6 - (15 + (-6 - -2))?
-5
Evaluate 2 + (4 - 7) - -1.
0
What is the value of -1 + 5 - 8 - (2 - 12)?
6
Calculate 3 + 1 + -4 + -3 - -3.
0
-14 + 9 + 0 - -6
1
What is 6 + 1 + 0 - 7?
0
Calculate 59 + -62 + (-7 - -1).
-9
-4 + 10 + -5 + 3
4
What is the value of 4 + (-3 - -2 - 1)?
2
Evaluate (-7 - -2) + 5 + 0 + 4.
4
What is the value of -5 + (-6 - -5) + 3?
-3
What is the value of (-46 - -21 - -19) + (-1 - -9)?
2
Calculate 19 + 1 - 11 - (6 + 1).
2
What is 7 - (-4 + 0 + 6)?
5
-6 + 10 + -7 - (9 - 11)
-1
What is 8 + -7 + (9 + -4 - 1)?
5
What is 4 + (-5 - (-2 + -3))?
4
Evaluate -5 - (-1 - (9 + (-4 - 1))).
0
Calculate 4 - (-2 - -1) - 1 - 2.
2
(0 - (4 + -5)) + 1 + 1
3
What is the value of 1 + 1 + (-29 - -31)?
4
Evaluate 2 - (3 - 1 - 2) - -2.
4
Evaluate -2 - (1 - 0 - (2 - 1)).
-2
What is -12 - (9 + -9 + -8)?
-4
What is -1 + -4 + 8 + 1 + 1?
5
Evaluate 3 + 4 + -1 + -5.
1
4 - (-43 + 38 + 4 + 0)
5
What is the value of 4 - (0 - 2 - -3) - -1?
4
Evaluate 18 + -8 + (2 - 17).
-5
What is the value of -4 - (0 - -1 - (1 + 1))?
-3
-5 - (-9 + -1 - (-3 - 2))
0
5 - (-4 - -5) - 2
2
Evaluate -4 + (2 - (-1 - -4 - 2)).
-3
-5 + (15 - (0 + 0 + 3))
7
Calculate 10 - 2 - (5 + 0 + -1).
4
What is the value of -3 - -3 - (0 + (1 - 6))?
5
What is the value of -7 - (-1 - (-7 - -9))?
-4
What is the value of -7 - -2 - (-2 - -1)?
-4
What is 3 + 1 + 2 + 1 - 0?
7
What is 15 + 5 + -12 + 0?
8
Calculate 0 + 8 + (-12 - -9).
5
0 + -3 - (-3 - (-10 + 6))
-4
What is 1 - 1 - (-3 - 1)?
4
What is (11 - 11 - (-2 + 0)) + -2?
0
What is (3 - 12 - -6) + (-1 - -9)?
5
Calculate (-9 - -5) + 4 + -2 + -3.
-5
What is the value of -1 - (0 + -2) - 4?
-3
What is the value of 11 + -8 + 4 - 3?
4
What is the value of -6 - (2 - (7 - 2))?
-3
Evaluate (10 - 23) + 2 - -5.
-6
Calculate (1 - -8) + -12 + (-3 - -4).
-2
What is 3 + 2 - (0 - 0)?
5
What is the value of -3 + 4 + (-8 - (0 + -2))?
-5
What is the value of 1 + (-5 - 2) + 14 + -5?
3
What is 2 - (1 + -2 + -1)?
4
-1 + 1 + 1 + -3
-2
What is the value of (-2 + 12 - 4) + -6?
0
Evaluate (3 - -7) + -19 + 11.
2
-5 - (-10 - (7 - 12))
0
Calculate -5 + -3 - -12 - 3.
1
Evaluate 3 + -7 + (6 - 2).
0
14 - (6 + 2) - 4
2
Calculate 8 - (0 - -4) - 3.
1
What is 4 - (2 + (-7 - (1 + -5)))?
5
What is (2 - (6 - 1)) + 2 - -6?
5
Calculate 3 + 3 + -3 + -6 + 8.
5
What is 6 + 7 + -14 + 0?
-1
Calculate 39 + -34 + -9 + 0.
-4
Evaluate 4 - -2 - (-15 - -17).
4
What is 5 + -1 + -1 - 5?
-2
18 + -7 + -6 + (0 - 9)
-4
What is the value of (-2 - ((-2 - -4) + -3)) + -2?
-3
What is -9 + -5 + 8 - (-3 + 2)?
-5
What is 18 + -33 + 13 - (1 - -2)?
-5
(12 - (2 + 2)) + -3
5
What is the value of 3 + 2 + 3 + -7 + -3?
-2
-3 + (-8 - -2) - -3
-6
-4 - 4 - -2 - -3 - -2
-1
Evaluate -6 - (-1 - (0 + 5)).
0
What is the value of 1 + 1 - (-3 - -4)?
1
Calculate 3 - (-1 + -8 - -6 - -8).
-2
Evaluate 1 - (-5 - (-4 + -1)).
1
-10 - (-8 - 4) - 3
-1
What is the value of (-13 - -10 - -6) + -1?
2
What is -6 + 5 - (4 + 0 + -3)?
-2
What is the value of 1 + 3 + 0 + (-1 - 2)?
1
What is the value of 2 - (-3 - (-4 + -8)) - -3?
-4
What is the value of -2 + -1 + 1 + -1?
-3
Calculate (3 + 2 - (1 - -2)) + -2.
0
1 + -1 + 1 + (1 - -3)
5
What is 13 + 32 + -37 + (1 - 1)?
8
What is -2 + 2 - (-10 + 5)?
5
Evaluate 5 + -3 + 8 + -6.
4
Evaluate 4 + (-4 - (5 - 1)).
-4
-13 - (-13 - (10 + -7))
3
Evaluate -3 + (0 - -8) + 0.
5
Calculate -1 + (-9 - -5) - (1 - 4).
-2
What is the value of -3 + (17 - (7 + 0)) - 13?
-6
Calculate -2 + 10 - (10 - 1 - 1).
0
What is 6 + (0 + (-6 - -1) - 7)?
-6
Calculate 12 + 7 + (-31 - -10).
-2
What is the value of -1 - (-5 - -4 - 3 - -8)?
-5
Evaluate -2 + -2 + 5 - 1.
0
Calculate 2 + 9 + -8 + 1 + 0.
4
Evaluate -2 - 2 - (-5 + 3).
-2
Calculate -7 + 15 + -10 + 3.
1
-1 + (-3 - 3) + (-20 - -27)
0
What is the value of -7 + -4 + -5 + 33 + -8?
9
What is (0 - (-2 - -4)) + 1?
-1
Calculate -2 - (13 + -10 - (3 + 1)).
-1
Evaluate 2 + 3 + (-49 - -39).
-5
What is 3 + (-3 - (10 + -4))?
-6
What is (16 - (-4 - -13)) + (-1 - 2)?
4
-5 - -1 - (-7 + 2)
1
What is the value of 3 + -2 - (40 - 49)?
10
What is the value of (-1 + 3 - 1) + 0 + -1?
0
What is the value of 7 - (13 - (-3 + 3))?
-6
Evaluate (-18 - -7) + 7 + 14.
10
What is the value of -2 - ((7 - 15) + 7)?
-1
What is the value of -12 - (-20 - -4) - (0 - 1)?
5
Evaluate (6 - 5) + (1 - (-1 + -2)).
5
What is -4 - (-13 + 5) - 4?
0
-4 + 11 - 2 - 5
0
What is 0 + -6 - (-4 + (-8 - -6))?
0
Calculate (0 + 3 + -3 - -3) + -7.
-4
Evaluate 2 + 5 + 4 - 8.
3
What is (-6 - -1) + (3 - -1) + 5?
4
What is 4 - (14 - (-8 - -14))?
-4
What is -2 + -1 + (2 - (-14 - -13))?
0
7 + -2 + -8 + 5 + -1
1
What is -1 - (-8 + (0 - -8) + -4)?
3
What is -3 - (2 + (-6 - 0))?
1
What is the value of 8 - 0 - 10 - -8?
6
What is -1 - (-3 + 0 - -1 - 5)?
6
Calculate (-2 - -2) + (4 - 4) + 2.
2
What is 8 - (0 + -9 - -12)?
5
What is the value of 6 - (-2 - (-7 - 2))?
-1
Calculate (-197 - -187) + 0 + 13.
3
What is the value of -4 + (-1 - (1 + -3)) - 1?
-4
What is the value of -3 - -1 - (6 + (3 - 9))?
-2
What is the value of 2 + 4 + 2 + -3?
5
Evaluate 55 + -52 + (-7 - 0).
-4
Evaluate -128 + 124 + 1 + 11.
8
What is the value of -7 - (-3 - 0) - -4?
0
What is the value of (0 - 8) + -31 + 34?
-5
What is the value of (2 - 1) + 1 - (8 + -3)?
-3
What is 6 - 1 - (4 + -3 + -1)?
5
(1 - 3) + 13 + -12 + 4
3
-7 + (-5 - (-5 - 2)) + 3
-2
Calculate (-4 - -2) + (2 - 2).
-2
Calculate -2 - (-3 - (-4 + 4)).
1
(-3 - -2) + (-4 - (-6 - -3))
-2
What is the value of -1 + -6 + 8 + (3 - 6)?
-2
Evaluate -21 + 17 - (-5 - -1) - -3.
3
What is -9 + (-8 - (9 - 8 - 10))?
-8
What is the value of -11 + 4 + (4 - 2)?
-5
What is 10 - (1 + -1) - (5 - 1)?
6
What is the value of 1 - (2 - 3) - (-2 + 1)?
3
Calculate -4 - (5 + -2) - -4 - -4.
1
-18 + (19 - 13) - -7
-5
What is -9 - -8 - -5 - (0 - -1)?
3
Evaluate 5 + (-2 + -2 + 3 - 3).
1
Calculate (-10 - (5 - 10)) + 5 + 0.
0
Calculate 3 + (2 + -2 - 1).
2
-4 - (5 - (6 + 5))
2
Evaluate -10 - -7 - (-2 - -2 - -1).
-4
Calculate 2 + -5 + -6 + 2 - -3.
-4
What is the value of (200 - 204) + 9 + 0 + -2?
3
Calculate (3 - 0) + (-135 - -127).
-5
What is the value of 1 - (-3 - 6 - -5)?
5
Calculate 10 + -1 + (-5 - (5 + -3)).
2
Evaluate 1 + -9 + 1 + -1 - -3.
-5
Calculate 0 - (1 + -2 + 1 - 4).
4
What is the value of -12 + 3 - (4 - 0 - 9)?
-4
Evaluate -6 + (5 + -2 + -10 - -10).
-3
Calculate 4 + 4 - (8 - (-4 - -9)).
5
Calculate 5 + -5 + (0 - -7).
7
Evaluate (13 + -7 - 1) + (-1 - 0).
4
What is the value of 7 + -8 + -3 + 3 + 4?
3
What is 4 + -2 - (7 + -4 + 2)?
-3
-1 - (4 + (0 - (-1 + 10)))
4
(-6 + 3 - -6) + 3 + -10
-4
Calculate 0 + 1 + 11 + (-8 - -3).
7
0 + 5 + -6 - (-9 + 1)
7
Calculate 3 - (5 - (4 + -3)).
-1
What is the value of -4 + (-6 - -1) + 4?
-5
3 + -7 + (-3 + 3 - -1)
-3
What is the value of -1 + (2 + -7 - -1)?
-5
0 - (-4 - -1 - (-11 - -10))
2
Evaluate 4 - (-2 + 4 + 0).
2
What is the value of -2 - (-9 + 5 - (-2 - 2))?
-